?
127
Suppose 0 = -7*h + 3*h. Suppose 7*v - 717 + 17 = h. Suppose w - 38 = -13. What is the highest common divisor of v and w?
25
Let f(t) = -36*t + 1306. Let o be f(33). Calculate the highest common divisor of o and 2891.
59
Suppose 26*p + 4400 = 53280. Suppose 5*j + 5*f - p = 0, 0*j = 3*j + 5*f - 1124. Calculate the greatest common factor of 108 and j.
54
Let u be 424/(114/95*5/27). What is the highest common factor of 24 and u?
12
Let z(l) = -l**3 + 4*l**2 - 7*l + 6. Let c be z(3). Let u be (-30)/9*9/c. What is the greatest common factor of 45 and u?
5
Let w = 1200 + -855. Calculate the highest common divisor of 15 and w.
15
Let y(v) = -v**3 - 9*v**2 + 9*v - 24. Let j = 131 - 143. Let x be y(j). What is the highest common factor of 15 and x?
15
Suppose 4*o = 3*p - 1677 - 943, p + 4*o = 836. What is the highest common factor of 240 and p?
48
Suppose 2 = a - 1. Suppose -31 = -3*u + 3*n + 122, -4*n = a*u - 146. Calculate the highest common factor of 2 and u.
2
Suppose -6580*s - 179774 = -6603*s - 443. Calculate the greatest common factor of 226 and s.
113
Let w = 4175 + -3825. What is the greatest common divisor of 112 and w?
14
Let h(r) = -159*r + 507. Let y be h(2). Calculate the greatest common divisor of 1827 and y.
63
Let p be (8 - 0) + 222/(-111). Let c(v) = v**3 + 2*v - 3. Let n be c(2). Let y = n + p. What is the greatest common divisor of y and 5?
5
Suppose -201 = 8*q - 11*q. Suppose -q = -3*t + 2*t. Suppose -2*h = l - t, 2*h = 7*h - 4*l - 200. Calculate the highest common divisor of h and 54.
18
Let o be (6/2 - (3 - 3)) + 24. Let v(d) = 6 + 20*d - o*d - 42*d. Let q be v(-1). Calculate the greatest common factor of 22 and q.
11
Let n be 3/(-11) + 30 + (-230405)/(-319). What is the greatest common factor of 3948 and n?
188
Let m = 626 - 436. Let o = -46 + m. Let g = o - 112. What is the highest common factor of 8 and g?
8
Suppose 5*j - 1021 = -361. Let b(v) = -2*v**2 + 5*v + 80. Let i be b(-6). Let a be -2 - -4 - i/(1/1). Calculate the greatest common divisor of a and j.
12
Let q be (-1)/(-2) + 1465/10. Suppose 266*w - 390*w + 10416 = 0. What is the greatest common factor of w and q?
21
Suppose 92*u - v - 886 = 90*u, -v + 2201 = 5*u. Calculate the highest common divisor of 36 and u.
9
Let a be ((-16)/(-5) + -2)/(2/330). Let o = 2804 + -2786. What is the highest common factor of o and a?
18
Suppose 238 = -2*n + 4*n. Let s = 152 - n. Suppose -2*m = -5*m + 693. What is the greatest common factor of m and s?
33
Let g(q) = -q**2 - 27*q - 68. Let z be g(-24). Suppose 5*h = -3*t + 8, -2*h - 32 = -6*t + z*t. What is the greatest common divisor of t and 99?
11
Let l be ((-116)/(-12) + -3)*36/10. Let n = 103 + -99. Let v be 80*6*n/16. What is the greatest common factor of v and l?
24
Suppose 42*p = 48*p + 84*p - 483930. Calculate the greatest common factor of 171 and p.
19
Let z be (-16)/(-3) - 4/(-6). Suppose -4*w - 4*t - 16 = 0, 0 = -2*w - t - 9. Let g be 7 - (w/8 + 12/(-32)). Calculate the greatest common factor of g and z.
2
Let i = 213 + -211. Let k be (i/3)/(28/(-42)) + 57. Let t(z) = 2*z**2 - 10*z + 12. Let g be t(9). What is the highest common factor of g and k?
28
Suppose 16*f + 44 = 5*f. Let v be (f - -3)*-330*(-26)/(-65). Calculate the greatest common factor of v and 220.
44
Let n(l) = -82 + 32*l + 4*l + 7*l. Let o be n(2). Calculate the highest common divisor of 364 and o.
4
Suppose -2*q + c + 76 = -60, c = -5*q + 326. Suppose 706 - 258 = 8*s. Suppose 2*b + 44 = s. What is the highest common factor of q and b?
6
Let v(k) = 19*k + 1. Let y be v(5). Let p be 10 - (4 + -12)*((-70)/21 + 3)*-3. What is the greatest common factor of p and y?
6
Let o = -3743 - -4097. What is the highest common factor of 120 and o?
6
Suppose -321*g = -179*g - 335830. What is the greatest common factor of 129 and g?
43
Let d be (-18)/12*-2 + 319. Calculate the highest common divisor of 546 and d.
14
Suppose 38 = u + 4*m, 19*m = 4*u + 20*m - 77. Let t be (0 - 6)/(-2*1). Suppose t*a - 22 = q, a - 1 = q + 9. Calculate the greatest common divisor of u and a.
6
Suppose 8*x - 837 = 5*x. Let a = 259 - 259. Suppose a = 2*q + 4*g - 3*g - 67, -56 = -q - 5*g. What is the highest common factor of x and q?
31
Suppose 175 = 5*g - 700. Suppose 6*h = 10*h + 3*k - g, 4*k = h - 58. What is the highest common factor of h and 92?
46
Suppose 0 = -2917*f + 2882*f + 205800. Calculate the greatest common factor of 315 and f.
105
Let n(b) = -20*b + 48. Let h be n(8). Let m = 123 + h. Let p(a) = -a**3 - a**2 + 3*a + 33. Let x be p(0). Calculate the greatest common factor of x and m.
11
Let f = -41 - -51. Let c be ((-14)/4)/7*(-4)/(-1). Let d = c - -42. Calculate the greatest common divisor of f and d.
10
Suppose 4*f - 3*o = -f - 149, -5*f - 4*o = 128. Let u = f + 30. Suppose -u*h + 0 = 2, 3*h = -2*k + 149. Calculate the greatest common factor of 114 and k.
38
Suppose 25*i - 1644 - 481 = 0. Suppose -306*y + i = -301*y. Calculate the greatest common divisor of y and 51.
17
Let u be 1263 + ((-68)/(-6) - 11)*-39. Calculate the highest common divisor of 1625 and u.
125
Suppose 11*h - 23*h = -96. Suppose 0 = h*w - 6*w - 4*x - 506, -747 = -3*w + 3*x. What is the highest common factor of w and 35?
35
Suppose -10*x = -27*x + 2142. What is the highest common factor of 462 and x?
42
Suppose -30 = -g + a, a + 48 = 4*g - 57. Calculate the greatest common factor of 1975 and g.
25
Suppose 6192 = 8*u - 10776. Calculate the highest common factor of u and 84.
21
Let v = 21846 - 21843. Let b be ((-6)/(-5))/((-14)/(-245)). What is the greatest common factor of v and b?
3
Let y = 8928 + -8878. Calculate the greatest common divisor of y and 3110.
10
Suppose 7*p - 2413 = 926. Suppose -10*q + 13 + p = 0. Let f be q/2 + 1/2. What is the greatest common factor of 125 and f?
25
Suppose -4*b + 13*o - 8*o + 29 = 0, 0 = -4*b + 3*o + 35. Let v be 3/2*b/((-297)/(-90)). Calculate the greatest common factor of v and 205.
5
Let c(s) be the second derivative of -s**5/20 + 7*s**4/12 - 2*s**3 - 15*s**2/2 - 7*s + 1. Let q be c(-4). What is the greatest common factor of q and 38?
19
Let p be (98/(-21))/(5/(-25)*4/588). Calculate the greatest common divisor of p and 10.
10
Let t(y) = -2*y - 14. Let u be -2 - ((-38)/(-6) + (-6)/(-9)). Let g be t(u). Suppose 0 = f - g*f + 90. What is the greatest common divisor of 60 and f?
30
Suppose p + 3*p + 2*w - 98 = 0, -2*p + 5*w + 43 = 0. Suppose -496*d - 5*d = -33066. What is the highest common factor of p and d?
6
Suppose 112 = n - 209. Let r = -181 + n. Calculate the greatest common divisor of r and 35.
35
Let m be 611/91 + (-4)/(-14). Let c be -7*67/(-1) - m. Calculate the highest common factor of c and 126.
42
Let k(h) = 16*h - 9. Let t be k(4). Let j be (-1 - t)*-1*(-6 + 7). What is the highest common factor of j and 21?
7
Let b(a) = -4 - 8*a - 4 + 78*a**2 - 77*a**2 + 2. Let f be b(5). Let u = -6 - f. What is the greatest common factor of u and 75?
15
Suppose 0 = 10*u + 17*u - 9963. Calculate the greatest common factor of u and 2091.
123
Suppose 0 = -w - 5*v + 9974, 0 = 5*w + 59*v - 64*v - 49690. Calculate the highest common factor of w and 176.
88
Let q be (-2)/(((-3)/4)/(429/88)). Suppose 5*b + q = -2. Let f be (6 + -30)*(13/b + -1). What is the greatest common factor of f and 16?
16
Let b(g) = 82*g**2 - 69*g - 658. Let i be b(-10). What is the highest common divisor of 98 and i?
98
Let r be 126/4*(-90)/(-105). What is the highest common divisor of r and 225?
9
Let b(z) = 2*z - 2. Let q be (-2 - 0)/(16/12 - 2). Let w be 5 - ((-15)/q - (-5 + 1)). Let h be b(w). Calculate the highest common factor of 70 and h.
10
Let x = -71 + 70. Let y be 20 + x + 2 + -2. Suppose 9*u - y = 8. What is the greatest common factor of 15 and u?
3
Let o(y) = -173*y + 33. Let d be o(4). Let g = d - -693. Suppose h = -4*h + 510. Calculate the highest common factor of g and h.
34
Suppose -4*z - 2*m - 23624 + 93248 = 0, 4*z - 69612 = -5*m. What is the highest common divisor of z and 34?
34
Let b(g) = 8*g**2 + 5*g + 3. Suppose -2*y = 26 - 22. Let u be b(y). Calculate the highest common divisor of u and 475.
25
Suppose 0 = -z - 5*x + 213, 3*z - 3*x - 689 = -8*x. Let v be (6 + -12 - -14) + 6. What is the highest common factor of v and z?
14
Let s be (-5180)/105*57/(-2). What is the highest common divisor